98?
False
Does 34 divide 163313?
False
Does 104 divide 287117?
False
Is 12 a factor of 83952?
True
Is 117 a factor of 144495?
True
Is 31670 a multiple of 2?
True
Does 69 divide 2103396?
True
Does 277 divide 989998?
True
Does 25 divide 2856799?
False
Is 4 a factor of 53282?
False
Is 108 a factor of 244683?
False
Does 50 divide 102550?
True
Is 15 a factor of 104235?
True
Is 9 a factor of 7493?
False
Does 91 divide 1907694?
False
Is 15 a factor of 804361?
False
Does 1247 divide 2520182?
False
Does 14 divide 12257655?
False
Does 242 divide 689216?
True
Is 664536 a multiple of 24?
True
Is 703401 a multiple of 129?
False
Is 5 a factor of 33286?
False
Does 73 divide 16272?
False
Is 68 a factor of 162197?
False
Does 35 divide 1670515?
True
Does 10 divide 329820?
True
Is 142 a factor of 169832?
True
Is 402861 a multiple of 74?
False
Does 37 divide 2886682?
False
Is 604713 a multiple of 129?
False
Is 7139032 a multiple of 172?
True
Is 61 a factor of 68503?
True
Is 2057697 a multiple of 153?
True
Is 819786 a multiple of 3?
True
Does 31 divide 2928508?
True
Is 122980 a multiple of 29?
False
Is 16 a factor of 175744?
True
Is 122 a factor of 302666?
False
Does 59 divide 306377?
False
Does 47 divide 17866721?
True
Does 18 divide 11573140?
False
Is 780808 a multiple of 14?
True
Does 4 divide 2616?
True
Is 463 a factor of 804694?
True
Is 3 a factor of 36091?
False
Is 9920713 a multiple of 1140?
False
Is 9433152 a multiple of 288?
True
Does 177 divide 179127?
False
Does 651 divide 4545282?
True
Is 13104199 a multiple of 65?
False
Is 316249 a multiple of 229?
True
Is 1072078 a multiple of 14?
True
Does 253 divide 5102650?
False
Is 2062542 a multiple of 554?
True
Does 65 divide 2819700?
True
Is 7 a factor of 12885978?
True
Does 13 divide 447278?
True
Does 19 divide 3692050?
False
Is 558358 a multiple of 186?
False
Is 501 a factor of 1224130?
False
Is 175 a factor of 559464?
False
Is 2014742 a multiple of 225?
False
Does 768 divide 10668198?
False
Is 119764 a multiple of 12?
False
Does 57 divide 4952539?
False
Is 3852660 a multiple of 30?
True
Is 215 a factor of 1598525?
True
Is 207158 a multiple of 389?
False
Does 17 divide 76974?
False
Is 653660 a multiple of 70?
True
Does 45 divide 2981?
False
Is 47 a factor of 42817?
True
Is 12 a factor of 1019460?
True
Does 334 divide 353173?
False
Is 231 a factor of 1918663?
False
Does 113 divide 519122?
True
Does 154 divide 15582004?
False
Is 625933 a multiple of 7?
True
Is 15 a factor of 1160118?
False
Does 90 divide 5940?
True
Is 9 a factor of 1512747?
True
Is 10775678 a multiple of 706?
True
Is 73900 a multiple of 180?
False
Is 116328 a multiple of 37?
True
Does 13 divide 90909?
True
Is 26 a factor of 5594561?
False
Is 10 a factor of 27110?
True
Does 17 divide 80978?
False
Is 12 a factor of 3856660?
False
Is 19 a factor of 20027843?
True
Is 38 a factor of 6688?
True
Is 16246 a multiple of 21?
False
Does 22 divide 2844270?
True
Is 725 a factor of 1165800?
True
Is 134068 a multiple of 242?
True
Is 36 a factor of 2682000?
True
Does 201 divide 74973?
True
Is 4440822 a multiple of 69?
False
Is 10 a factor of 469022?
False
Is 1626 a factor of 469914?
True
Is 49 a factor of 2033941?
True
Is 127 a factor of 6567784?
False
Is 81 a factor of 8470980?
True
Does 17 divide 195449?
True
Does 7 divide 656582?
False
Does 44 divide 29935?
False
Does 30 divide 145500?
True
Is 343 a factor of 151994?
False
Does 28 divide 121235?
False
Does 15 divide 37980?
True
Is 447 a factor of 1614485?
False
Does 1845 divide 9647290?
False
Is 18 a factor of 269287?
False
Does 1857 divide 9804428?
False
Does 50 divide 1283750?
True
Is 10413595 a multiple of 115?
True
Is 2 a factor of 6102?
True
Is 503160 a multiple of 93?
False
Is 8 a factor of 19087?
False
Is 64013 a multiple of 11?
False
Does 27 divide 83870?
False
Is 10038666 a multiple of 979?
True
Is 19 a factor of 727035?
True
Does 33 divide 3050355?
True
Is 57 a factor of 1502613?
False
Is 117990 a multiple of 30?
True
Does 85 divide 11686283?
False
Is 128274 a multiple of 41?
False
Is 353070 a multiple of 139?
False
Is 10 a factor of 18518153?
False
Is 19 a factor of 278587?
False
Is 252 a factor of 107604?
True
Is 33 a factor of 966735?
True
Is 1386996 a multiple of 52?
True
Is 1975 a factor of 9173875?
True
Is 123531 a multiple of 273?
False
Is 2 a factor of 793?
False
Is 98 a factor of 267932?
True
Is 4140828 a multiple of 92?
True
Is 669812 a multiple of 14?
False
Is 4733640 a multiple of 90?
True
Does 5 divide 156001?
False
Does 484 divide 1698581?
False
Is 3 a factor of 278846?
False
Does 21 divide 380665?
False
Is 264 a factor of 2620223?
False
Is 232 a factor of 582784?
True
Does 128 divide 1292628?
False
Does 24 divide 3192?
True
Is 17 a factor of 315622?
True
Does 16 divide 279760?
True
Is 1709252 a multiple of 37?
True
Does 13 divide 209333?
False
Is 829 a factor of 1986284?
True
Is 1640990 a multiple of 26?
True
Is 42 a factor of 27121584?
True
Is 1162178 a multiple of 45?
False
Is 78593 a multiple of 8?
False
Does 89 divide 538984?
True
Is 178 a factor of 2804212?
True
Is 342 a factor of 97374?
False
Is 31 a factor of 14207?
False
Is 33 a factor of 1207117?
False
Is 5 a factor of 6767?
False
Is 166925 a multiple of 76?
False
Is 71155 a multiple of 19?
True
Is 78695 a multiple of 18?
False
Is 745264 a multiple of 11?
False
Is 5 a factor of 196304?
False
Is 75060 a multiple of 270?
True
Is 623273 a multiple of 269?
True
Does 16 divide 462499?
False
Does 19 divide 9785?
True
Is 29 a factor of 3027397?
True
Is 30864 a multiple of 16?
True
Is 3729060 a multiple of 20?
True
Is 32 a factor of 331012?
False
Does 28 divide 548520?
True
Is 83 a factor of 1051421?
False
Is 155160 a multiple of 51?
False
Does 22 divide 15114858?
True
Is 251 a factor of 697211?
False
Is 13 a factor of 62478?
True
Is 122498 a multiple of 7?
False
Does 90 divide 245250?
True
Is 15 a factor of 862965?
True
Does 27 divide 22248?
True
Is 484 a factor of 247808?
True
Does 681 divide 477881?
False
Does 12 divide 4149744?
True
Is 155569 a multiple of 91?
False
Does 8 divide 1353881?
False
Is 9671870 a multiple of 274?
False
Does 133 divide 229482?
False
Is 127666 even?
True
Is 2669275 a multiple of 1030?
False
Is 153 a factor of 815842?
False
Is 37 a factor of 65991?
False
Does 13 divide 292617?
True
Is 19 a factor of 1107795?
True
Is 5581656 a multiple of 414?
False
Is 1012486 a multiple of 97?
True
Is 8 a factor of 26552?
True
Is 279 a factor of 921704?
False
Is 138 a factor of 260544?
True
Is 494453 a multiple of 88?
False
Is 1518075 a multiple of 225?
True
Does 23 divide 670013?
True
Does 40 divide 213258?
False
Is 1725955 a multiple of 11?
True
Does 66 divide 308880?
True
Is 146 a factor of 33434?
True
Is 45 a factor of 16830000?
True
Is 1409159 a multiple of 30?
False
Is 6999648 a multiple of 408?
True
Is 2479 a factor of 8259581?
False
Is 57 a factor of 6586179?
True
Is 2426022 a multiple of 9?
True
Is 349848 a multiple of 11?
False
Is 2373264 a multiple of 9?
True
Does 36 divide 133583?
False
Does 3 divide 330543?
True
Is 12228459 a multiple of 580?
False
Is 13 a factor of 58918?
False
Is 110 a factor of 790963?
False
Is 42716 a multiple of 236?
True
Is 2770040 a multiple of 761?
True
Is 133 a factor of 7994001?
False
Is 13298 a multiple of 194?
False
Does 66 divide 10041007?
False
Does 10 divide 188325?
False
Is 360 a factor of 543889?
False
Is 218 a factor of 4792294?
True
Is 90640 a multiple of 8?
True
Is 312142 a multiple of 12?
False
Is 1333117 a multiple of 34?
False
Is 313 a factor of 52942?
False
Is 13425611 a multiple of 10?
False
Is 298248 a multiple of 258?
True
Does 35 divide 12310515?
True
Does 2323 divide 3835273?
True
Is 29 a factor of 397504?
False
Is 122570 a multiple of 206?
True
Is 4 a factor of 2836?
True
Is 495 a factor of 21511710?
True
Is 77 a factor of 91947?
False
Is 23216867 a multiple of 14?
False
Does 4 divide 158515?
False
Is 7 a factor of 102214?
True
Is 3206304 a multiple of 144?
True
Is 189 a factor of 33309?
False
Is 705 a factor of 206911?
False
Does 14 divide 3137614?
False
Is 16 a factor of 101696?
True
Does 41 divide 501758?
True
Does 34 divide 2272934?
True
Is 7246620 a multiple of 762?
True
Is 49543 a multiple of 90?
False
Is 23 a factor of 235379?
False
Is 233570 a mul